{"id":69,"date":"2022-06-01T08:46:29","date_gmt":"2022-06-01T13:46:29","guid":{"rendered":"https:\/\/samar.dexignzone.com\/wp\/elementor\/?page_id=69"},"modified":"2026-04-08T10:25:53","modified_gmt":"2026-04-08T15:25:53","slug":"contacto","status":"publish","type":"page","link":"https:\/\/www.avalogicsas.com\/index.php\/contacto\/","title":{"rendered":"Contacto"},"content":{"rendered":"\t\t<div data-elementor-type=\"wp-page\" data-elementor-id=\"69\" class=\"elementor elementor-69\">\n\t\t\t\t\t\t<section class=\"elementor-section elementor-top-section elementor-element elementor-element-c0d7818 elementor-section-full_width elementor-section-height-default elementor-section-height-default\" data-id=\"c0d7818\" data-element_type=\"section\">\n\t\t\t\t\t\t<div class=\"elementor-container elementor-column-gap-custom\">\n\t\t\t\t\t<div class=\"elementor-column elementor-col-100 elementor-top-column elementor-element elementor-element-41e519d\" data-id=\"41e519d\" data-element_type=\"column\">\n\t\t\t<div class=\"elementor-widget-wrap elementor-element-populated\">\n\t\t\t\t\t\t<div class=\"elementor-element elementor-element-4571a38 elementor-widget elementor-widget-dz-company-info\" data-id=\"4571a38\" data-element_type=\"widget\" data-widget_type=\"dz-company-info.default\">\n\t\t\t\t<div class=\"elementor-widget-container\">\n\t\t\t<div class=\"content-inner-2\">\r\n\t<div class=\"container\">\r\n\t\t<div class=\"row m-t30\">\r\n\t\t\t\t\t\t<div class=\"col-lg-4 col-md-6 \">\r\n\t\t\t\t<div class=\"icon-bx-wraper style-9   m-md-b60\">\r\n\t\t\t\t\t<div class=\"icon-bx-sm radius gradient\"> \r\n\t\t\t\t\t\t<a href=\"javascript:void(0);\" class=\"icon-cell text-white\">\r\n\t\t\t\t\t\t\t<i class=\"fa la  la-phone\"><\/i>\r\n\t\t\t\t\t\t<\/a> \r\n\t\t\t\t\t<\/div>\r\n\t\t\t\t\t<div class=\"icon-content\">\r\n\t\t\t\t\t\t\t\t\t\t\t\t<h4 class=\"dlab-title\">\r\n\t\t\t\t\t\t\tLl\u00e1manos\t\t\t\t\t\t<\/h4>\r\n\t\t\t\t\t\t\t\t\t\t\t\t\r\n\t\t\t\t\t\t\t\t\t\t\t\t\t<p>\r\n\t\t\t\t\t\t\t\t320 889 9720\t\t\t\t\t\t\t<\/p>\r\n\t\t\t\t\t\t\t\t\t\t\t<\/div>\r\n\t\t\t\t<\/div>\r\n\t\t\t<\/div>\r\n\t\t\t\t\t\t<div class=\"col-lg-4 col-md-6 \">\r\n\t\t\t\t<div class=\"icon-bx-wraper style-9   m-md-b60\">\r\n\t\t\t\t\t<div class=\"icon-bx-sm radius gradient\"> \r\n\t\t\t\t\t\t<a href=\"javascript:void(0);\" class=\"icon-cell text-white\">\r\n\t\t\t\t\t\t\t<i class=\"fa la  la-map-marker\"><\/i>\r\n\t\t\t\t\t\t<\/a> \r\n\t\t\t\t\t<\/div>\r\n\t\t\t\t\t<div class=\"icon-content\">\r\n\t\t\t\t\t\t\t\t\t\t\t\t<h4 class=\"dlab-title\">\r\n\t\t\t\t\t\t\tVis\u00edtanos \t\t\t\t\t\t<\/h4>\r\n\t\t\t\t\t\t\t\t\t\t\t\t\r\n\t\t\t\t\t\t\t\t\t\t\t\t\t<p>\r\n\t\t\t\t\t\t\t\tCra 16bis No.8-24 \nEdificio oko tower\nPinares - Pereira\noficina 501\t\t\t\t\t\t\t<\/p>\r\n\t\t\t\t\t\t\t\t\t\t\t<\/div>\r\n\t\t\t\t<\/div>\r\n\t\t\t<\/div>\r\n\t\t\t\t\t\t<div class=\"col-lg-4 col-md-6 m-auto\">\r\n\t\t\t\t<div class=\"icon-bx-wraper style-9   \">\r\n\t\t\t\t\t<div class=\"icon-bx-sm radius gradient\"> \r\n\t\t\t\t\t\t<a href=\"javascript:void(0);\" class=\"icon-cell text-white\">\r\n\t\t\t\t\t\t\t<i class=\"fa la  la-envelope-open\"><\/i>\r\n\t\t\t\t\t\t<\/a> \r\n\t\t\t\t\t<\/div>\r\n\t\t\t\t\t<div class=\"icon-content\">\r\n\t\t\t\t\t\t\t\t\t\t\t\t<h4 class=\"dlab-title\">\r\n\t\t\t\t\t\t\tEscr\u00edbenos\t\t\t\t\t\t<\/h4>\r\n\t\t\t\t\t\t\t\t\t\t\t\t\r\n\t\t\t\t\t\t\t\t\t\t\t\t\t<p>\r\n\t\t\t\t\t\t\t\tservicioalcliente@avalogicsas.com\t\t\t\t\t\t\t<\/p>\r\n\t\t\t\t\t\t\t\t\t\t\t<\/div>\r\n\t\t\t\t<\/div>\r\n\t\t\t<\/div>\r\n\t\t\t\t\t<\/div>\r\n\t<\/div>\r\n<\/div>\r\n\t\t<\/div>\n\t\t\t\t<\/div>\n\t\t\t\t\t<\/div>\n\t\t<\/div>\n\t\t\t\t\t<\/div>\n\t\t<\/section>\n\t\t\t\t<section class=\"elementor-section elementor-top-section elementor-element elementor-element-f339528 elementor-section-full_width elementor-section-height-default elementor-section-height-default\" data-id=\"f339528\" data-element_type=\"section\">\n\t\t\t\t\t\t<div class=\"elementor-container elementor-column-gap-custom\">\n\t\t\t\t\t<div class=\"elementor-column elementor-col-100 elementor-top-column elementor-element elementor-element-5c270b4\" data-id=\"5c270b4\" data-element_type=\"column\">\n\t\t\t<div class=\"elementor-widget-wrap elementor-element-populated\">\n\t\t\t\t\t\t<div class=\"elementor-element elementor-element-c161ccd elementor-widget elementor-widget-dz-contact-form-1\" data-id=\"c161ccd\" data-element_type=\"widget\" data-widget_type=\"dz-contact-form-1.default\">\n\t\t\t\t<div class=\"elementor-widget-container\">\n\t\t\t<!-- Get A Quote -->\r\n<section class=\"content-inner\"  style=\"background-image:url(https:\/\/samar.dexignzone.com\/wp\/elementor\/wp-content\/uploads\/2021\/03\/bg19.png);\" >\r\n\t<div class=\"container\">\r\n\t\t<div class=\"row align-items-center\">\r\n\t\t\t<div class=\"col-xl-6 col-lg-6 m-b30 wow fadeInLeft\" data-wow-duration=\"2s\" data-wow-delay=\"0.2s\">\r\n\t\t\t\t\t\t\t\t\t<div class=\"section-head style-1\">\r\n\t\t\t\t\t\t\t\t\t\t\t\t\t<h6 class=\"sub-title\">\r\n\t\t\t\t\t\t\t\tHablemos!\t\t\t\t\t\t\t<\/h6>\r\n\t\t\t\t\t\t\t\t\t\t\t\t<h2 class=\"title\">\r\n\t\t\t\t\t\t\tEnv\u00edanos un mensaje\t\t\t\t\t\t<\/h2>\r\n\t\t\t\t\t<\/div>\r\n\t\t\t\t\t\t\t\t\r\n\t\t\t\t\t\t\t\t\t<div class=\"dlab-form\">\r\n\t\t\t\t\t\t\n<div class=\"wpcf7 no-js\" id=\"wpcf7-f1921-o1\" lang=\"en-US\" dir=\"ltr\" data-wpcf7-id=\"1921\">\n<div class=\"screen-reader-response\"><p role=\"status\" aria-live=\"polite\" aria-atomic=\"true\"><\/p> <ul><\/ul><\/div>\n<form action=\"\/index.php\/wp-json\/wp\/v2\/pages\/69#wpcf7-f1921-o1\" method=\"post\" class=\"wpcf7-form init\" aria-label=\"Contact form\" novalidate=\"novalidate\" data-status=\"init\">\n<div style=\"display: none;\">\n<input type=\"hidden\" name=\"_wpcf7\" value=\"1921\" \/>\n<input type=\"hidden\" name=\"_wpcf7_version\" value=\"6.0.4\" \/>\n<input type=\"hidden\" name=\"_wpcf7_locale\" value=\"en_US\" \/>\n<input type=\"hidden\" name=\"_wpcf7_unit_tag\" value=\"wpcf7-f1921-o1\" \/>\n<input type=\"hidden\" name=\"_wpcf7_container_post\" value=\"0\" \/>\n<input type=\"hidden\" name=\"_wpcf7_posted_data_hash\" value=\"\" \/>\n<input type=\"hidden\" name=\"_wpcf7cf_hidden_group_fields\" value=\"[]\" \/>\n<input type=\"hidden\" name=\"_wpcf7cf_hidden_groups\" value=\"[]\" \/>\n<input type=\"hidden\" name=\"_wpcf7cf_visible_groups\" value=\"[]\" \/>\n<input type=\"hidden\" name=\"_wpcf7cf_repeaters\" value=\"[]\" \/>\n<input type=\"hidden\" name=\"_wpcf7cf_steps\" value=\"{}\" \/>\n<input type=\"hidden\" name=\"_wpcf7cf_options\" value=\"{&quot;form_id&quot;:1921,&quot;conditions&quot;:[],&quot;settings&quot;:{&quot;animation&quot;:&quot;yes&quot;,&quot;animation_intime&quot;:200,&quot;animation_outtime&quot;:200,&quot;conditions_ui&quot;:&quot;normal&quot;,&quot;notice_dismissed&quot;:false}}\" \/>\n<\/div>\n<div class=\"row\">\n<div class=\"col-sm-12\">\n<div class=\"input-group\">\n<div class=\"input-group-prepend\">\n<span class=\"input-group-text\"><i class=\"la la-hand-pointer\"><\/i><\/span>\n<\/div>\n<span class=\"wpcf7-form-control-wrap\" data-name=\"Tiposolicitud\"><select class=\"wpcf7-form-control wpcf7-select wpcf7-validates-as-required\" id=\"tipoSol\" aria-required=\"true\" aria-invalid=\"false\" name=\"Tiposolicitud\"><option value=\"Paz y salvo\">Paz y salvo<\/option><option value=\"PQRs\">PQRs<\/option><\/select><\/span>\n<\/div>\n<\/div>\n<div class=\"col-sm-6\">\n<div class=\"input-group\">\n<div class=\"input-group-prepend\">\n<span class=\"input-group-text\"><i class=\"la la-user\"><\/i><\/span>\n<\/div>\n<span class=\"wpcf7-form-control-wrap\" data-name=\"dzName\"><input size=\"40\" maxlength=\"400\" class=\"wpcf7-form-control wpcf7-text wpcf7-validates-as-required form-control\" aria-required=\"true\" aria-invalid=\"false\" placeholder=\"Nombre\" value=\"\" type=\"text\" name=\"dzName\" \/><\/span>\n<\/div>\n<\/div>\n<div class=\"col-sm-6\">\n<div class=\"input-group\">\n<div class=\"input-group-prepend\">\n<span class=\"input-group-text\"><i class=\"la la-user\"><\/i><\/span>\n<\/div>\n<span class=\"wpcf7-form-control-wrap\" data-name=\"dzLastName\"><input size=\"40\" maxlength=\"400\" class=\"wpcf7-form-control wpcf7-text form-control\" aria-invalid=\"false\" placeholder=\"Apellido\" value=\"\" type=\"text\" name=\"dzLastName\" \/><\/span>\n<\/div>\n<\/div>\n<div class=\"col-sm-6\">\n<div class=\"input-group\">\n<div class=\"input-group-prepend\">\n<span class=\"input-group-text\"><i class=\"la la-envelope\"><\/i><\/span>\n<\/div>\n<span class=\"wpcf7-form-control-wrap\" data-name=\"dzEmail\"><input size=\"40\" maxlength=\"400\" class=\"wpcf7-form-control wpcf7-email wpcf7-validates-as-required wpcf7-text wpcf7-validates-as-email form-control\" aria-required=\"true\" aria-invalid=\"false\" placeholder=\"Correo electr\u00f3nico\" value=\"\" type=\"email\" name=\"dzEmail\" \/><\/span>\n<\/div>\n<\/div>\n<div class=\"col-sm-6\">\n<div class=\"input-group\">\n<div class=\"input-group-prepend\">\n<span class=\"input-group-text\"><i class=\"la la-phone\"><\/i><\/span>\n<\/div>\n<span class=\"wpcf7-form-control-wrap\" data-name=\"phone\"><input size=\"40\" maxlength=\"400\" class=\"wpcf7-form-control wpcf7-text form-control\" aria-invalid=\"false\" placeholder=\"N\u00famero de celular\" value=\"\" type=\"text\" name=\"phone\" \/><\/span>\n<\/div>\n<\/div>\n<div class=\"col-sm-12 m-b20\">\n<div class=\"input-group\">\n<div class=\"input-group-prepend\">\n<span class=\"input-group-text\"><i class=\"la la-sms\"><\/i><\/span>\n<\/div>\n<span class=\"wpcf7-form-control-wrap\" data-name=\"dzMessage\"><textarea cols=\"40\" rows=\"10\" maxlength=\"2000\" class=\"wpcf7-form-control wpcf7-textarea wpcf7-validates-as-required form-control\" aria-required=\"true\" aria-invalid=\"false\" placeholder=\"Mensaje...\" name=\"dzMessage\"><\/textarea><\/span>\n<\/div>\n<\/div>\n[recaptcha]\n<div class=\"col-sm-12\">\n<input class=\"wpcf7-form-control wpcf7-submit has-spinner btn btn-primary btn-arrow\" type=\"submit\" value=\"Enviar\" \/>\n<\/div>\n<\/div><div class=\"wpcf7-response-output\" aria-hidden=\"true\"><\/div>\n<\/form>\n<\/div>\n\t\t\t\t\t<\/div>\r\n\t\t\t\t\t\t\t<\/div>\r\n\t\t\t\t\t\t\t<div class=\"col-xl-6 col-lg-6 m-b30 wow fadeInRight\" data-wow-duration=\"2s\" data-wow-delay=\"0.4s\">\r\n\t\t\t\t\t<div class=\"dlab-media cf-r-img\">\r\n\t\t\t\t\t\t<img decoding=\"async\" src=\"https:\/\/www.avalogicsas.com\/wp-content\/uploads\/2022\/08\/contacto.png\" class=\"move-1\" alt=\"Image\"\/>\r\n\t\t\t\t\t<\/div>\r\n\t\t\t\t<\/div>\r\n\t\t\t\t\t<\/div>\r\n\t<\/div>\r\n<\/section>\t\t<\/div>\n\t\t\t\t<\/div>\n\t\t\t\t\t<\/div>\n\t\t<\/div>\n\t\t\t\t\t<\/div>\n\t\t<\/section>\n\t\t\t\t<section class=\"elementor-section elementor-top-section elementor-element elementor-element-b9e6561 elementor-section-boxed elementor-section-height-default elementor-section-height-default\" data-id=\"b9e6561\" data-element_type=\"section\">\n\t\t\t\t\t\t<div class=\"elementor-container elementor-column-gap-default\">\n\t\t\t\t\t<div class=\"elementor-column elementor-col-100 elementor-top-column elementor-element elementor-element-bc50eb8\" data-id=\"bc50eb8\" data-element_type=\"column\">\n\t\t\t<div class=\"elementor-widget-wrap elementor-element-populated\">\n\t\t\t\t\t\t<div class=\"elementor-element elementor-element-c2e7618 elementor-widget elementor-widget-google_maps\" data-id=\"c2e7618\" data-element_type=\"widget\" data-widget_type=\"google_maps.default\">\n\t\t\t\t<div class=\"elementor-widget-container\">\n\t\t\t\t\t<div class=\"elementor-custom-embed\">\n\t\t\t<iframe loading=\"lazy\"\n\t\t\t\t\tsrc=\"https:\/\/maps.google.com\/maps?q=Cra%2016bis%20No.8-24%20%20Edificio%20oko%20tower%20Pinares%20-%20Pereira%20oficina%20501&#038;t=m&#038;z=14&#038;output=embed&#038;iwloc=near\"\n\t\t\t\t\ttitle=\"Cra 16bis No.8-24  Edificio oko tower Pinares - Pereira oficina 501\"\n\t\t\t\t\taria-label=\"Cra 16bis No.8-24  Edificio oko tower Pinares - Pereira oficina 501\"\n\t\t\t><\/iframe>\n\t\t<\/div>\n\t\t\t\t<\/div>\n\t\t\t\t<\/div>\n\t\t\t\t\t<\/div>\n\t\t<\/div>\n\t\t\t\t\t<\/div>\n\t\t<\/section>\n\t\t\t\t<\/div>\n\t\t","protected":false},"excerpt":{"rendered":"<p>Ll\u00e1manos 320 889 9720 Vis\u00edtanos Cra 16bis No.8-24 Edificio oko tower Pinares &#8211; Pereira oficina 501 Escr\u00edbenos servicioalcliente@avalogicsas.com Hablemos! Env\u00edanos un mensaje Paz y salvoPQRs [recaptcha]<\/p>\n","protected":false},"author":1,"featured_media":0,"parent":0,"menu_order":0,"comment_status":"closed","ping_status":"closed","template":"samar_homepage.php","meta":{"footnotes":""},"class_list":["post-69","page","type-page","status-publish","hentry"],"_links":{"self":[{"href":"https:\/\/www.avalogicsas.com\/index.php\/wp-json\/wp\/v2\/pages\/69","targetHints":{"allow":["GET"]}}],"collection":[{"href":"https:\/\/www.avalogicsas.com\/index.php\/wp-json\/wp\/v2\/pages"}],"about":[{"href":"https:\/\/www.avalogicsas.com\/index.php\/wp-json\/wp\/v2\/types\/page"}],"author":[{"embeddable":true,"href":"https:\/\/www.avalogicsas.com\/index.php\/wp-json\/wp\/v2\/users\/1"}],"replies":[{"embeddable":true,"href":"https:\/\/www.avalogicsas.com\/index.php\/wp-json\/wp\/v2\/comments?post=69"}],"version-history":[{"count":51,"href":"https:\/\/www.avalogicsas.com\/index.php\/wp-json\/wp\/v2\/pages\/69\/revisions"}],"predecessor-version":[{"id":3791,"href":"https:\/\/www.avalogicsas.com\/index.php\/wp-json\/wp\/v2\/pages\/69\/revisions\/3791"}],"wp:attachment":[{"href":"https:\/\/www.avalogicsas.com\/index.php\/wp-json\/wp\/v2\/media?parent=69"}],"curies":[{"name":"wp","href":"https:\/\/api.w.org\/{rel}","templated":true}]}}